{"id":93,"date":"2015-06-02T19:53:50","date_gmt":"2015-06-02T19:53:50","guid":{"rendered":"http:\/\/localhost\/wordpress3\/?page_id=93"},"modified":"2015-06-02T19:53:50","modified_gmt":"2015-06-02T19:53:50","slug":"seguro-imobiliaria-2","status":"publish","type":"page","link":"https:\/\/hirotaseguros.com.br\/index.php\/seguro-imobiliaria-2\/","title":{"rendered":"Seguro Imobili\u00e1ria"},"content":{"rendered":"<h1>Seguro Imobili\u00e1ria<\/h1>\n<p><strong><u>Cobertura B\u00e1sica &#8211; Im\u00f3veis Residenciais<\/u><\/strong><\/p>\n<p>1- Inc\u00eandio, Queda de Raio, Explos\u00e3o: Cobre os danos causados ao im\u00f3vel por inc\u00eandio ou explos\u00e3o de qualquer tipo, onde quer que eles tenham se originado, al\u00e9m de queda de raio dentro do terreno.<\/p>\n<p>2- Pagamento do Aluguel do Im\u00f3vel: Cobre o pagamento do aluguel, despesas ordin\u00e1rias de condom\u00ednio e parcelas mensais do imposto predial, caso o im\u00f3vel n\u00e3o possa ser ocupado devido a inc\u00eandio, explos\u00e3o ou queda de raio dentro do terreno.<\/p>\n<p><strong>Coberturas Opcionais<\/strong><\/p>\n<p>&#8211; Danos El\u00e9tricos: cobre os danos ao im\u00f3vel causados por varia\u00e7\u00f5es anormais de tens\u00e3o, curtos-circuitos e outros dist\u00farbios el\u00e9tricos, inclusive por queda de raio fora do local segurado.<\/p>\n<p>&#8211; Impacto de Ve\u00edculos Terrestres e Quedas de Aeronaves: Cobre, por exemplo, a queda do muro do im\u00f3vel devido \u00e0 colis\u00e3o de um ve\u00edculo.<\/p>\n<p>&#8211; Vendaval, Ciclone, Furac\u00e3o, Tornado e Queda de Granizo: Cobre, entre outros preju\u00edzos, o destelhamento do im\u00f3vel decorrente de vendavais.<\/p>\n<p><strong><u>Cobertura B\u00e1sica &#8211; Im\u00f3veis N\u00e3o Residenciais<\/u><\/strong><\/p>\n<p>1- Inc\u00eandio, Queda de Raio, Explos\u00e3o: Cobre os danos causados ao im\u00f3vel por inc\u00eandio ou explos\u00e3o de qualquer tipo, onde quer que eles tenham se originado, al\u00e9m de queda de raio dentro do terreno.<br \/>\n2- Fuma\u00e7a: Cobre os danos ao im\u00f3vel causados por fuma\u00e7a gerada por problemas de funcionamento em aparelhos regularizados ou at\u00e9 por inc\u00eandio ocorrido fora do terreno do im\u00f3vel<\/p>\n<p>3- Danos El\u00e9tricos: cobre os danos ao im\u00f3vel causados por varia\u00e7\u00f5es anormais de tens\u00e3o, curtos-circuitos e outros dist\u00farbios el\u00e9tricos, inclusive por queda de raio fora do local segurado.<\/p>\n<p>4- Impacto de Ve\u00edculos Terrestres e Quedas de Aeronaves: Cobre, por exemplo, a queda do muro do im\u00f3vel devido \u00e0 colis\u00e3o de um ve\u00edculo.<\/p>\n<p>5- Vendaval, Ciclone, Furac\u00e3o, Tornado e Queda de Granizo: Cobre, entre outros preju\u00edzos, o destelhamento do im\u00f3vel decorrente de vendavais.<\/p>\n<p>6- Tumulto: Cobre os danos materiais causados ao im\u00f3vel por tumulto, exceto quebra de vidros.<\/p>\n<p>N\u00e3o podem contratar o seguro: im\u00f3veis n\u00e3o residenciais que tenham como atividade o com\u00e9rcio ou a recupera\u00e7\u00e3o de tambores, fabrica\u00e7\u00e3o de artefatos de madeira, marcenarias, madereiras, serrarias ou caixotarias, mercados p\u00fablicos e postos de abastecimento. Ou ainda os que mantenham no local aparas de papel, armas e muni\u00e7\u00f5es, colch\u00f5es, estopa, explosivos, fogos de artif\u00edcio, gases. produtos qu\u00edmicos, inflam\u00e1veis, pl\u00e1sticos, res\u00edduos t\u00eaxteis, sisal e vime.<\/p>\n<p><strong>Bens cobertos<\/strong><br \/>\nEst\u00e3o cobertos os danos causados \u00e0 edifica\u00e7\u00e3o (pr\u00e9dio ou resid\u00eancia), ficando exclu\u00eddos quaisquer danos ao conte\u00fado do im\u00f3vel (mercadorias, m\u00e1quinas, aparelhos eletroeletr\u00f4nicos, m\u00f3veis, etc.).<\/p>\n","protected":false},"excerpt":{"rendered":"<p>Seguro Imobili\u00e1ria Cobertura B\u00e1sica &#8211; Im\u00f3veis Residenciais 1- Inc\u00eandio, Queda de Raio, Explos\u00e3o: Cobre os danos causados ao im\u00f3vel por inc\u00eandio ou explos\u00e3o de qualquer tipo, onde quer que eles tenham se originado, al\u00e9m de queda de raio dentro do terreno. 2- Pagamento do Aluguel do Im\u00f3vel: Cobre o pagamento&hellip; <\/p>\n","protected":false},"author":1,"featured_media":0,"parent":0,"menu_order":0,"comment_status":"open","ping_status":"open","template":"","meta":[],"_links":{"self":[{"href":"https:\/\/hirotaseguros.com.br\/index.php\/wp-json\/wp\/v2\/pages\/93"}],"collection":[{"href":"https:\/\/hirotaseguros.com.br\/index.php\/wp-json\/wp\/v2\/pages"}],"about":[{"href":"https:\/\/hirotaseguros.com.br\/index.php\/wp-json\/wp\/v2\/types\/page"}],"author":[{"embeddable":true,"href":"https:\/\/hirotaseguros.com.br\/index.php\/wp-json\/wp\/v2\/users\/1"}],"replies":[{"embeddable":true,"href":"https:\/\/hirotaseguros.com.br\/index.php\/wp-json\/wp\/v2\/comments?post=93"}],"version-history":[{"count":1,"href":"https:\/\/hirotaseguros.com.br\/index.php\/wp-json\/wp\/v2\/pages\/93\/revisions"}],"predecessor-version":[{"id":94,"href":"https:\/\/hirotaseguros.com.br\/index.php\/wp-json\/wp\/v2\/pages\/93\/revisions\/94"}],"wp:attachment":[{"href":"https:\/\/hirotaseguros.com.br\/index.php\/wp-json\/wp\/v2\/media?parent=93"}],"curies":[{"name":"wp","href":"https:\/\/api.w.org\/{rel}","templated":true}]}}