{"id":153,"date":"2015-06-03T12:32:50","date_gmt":"2015-06-03T12:32:50","guid":{"rendered":"http:\/\/localhost\/wordpress3\/?page_id=153"},"modified":"2015-06-03T12:33:21","modified_gmt":"2015-06-03T12:33:21","slug":"seguro-auto","status":"publish","type":"page","link":"http:\/\/hirotaseguros.com.br\/index.php\/seguro-auto\/","title":{"rendered":"Seguro Auto"},"content":{"rendered":"<h1>Seguro Auto<\/h1>\n<p><strong>Coberturas B\u00e1sicas<br \/>\n<\/strong>Seu seguro de autom\u00f3vel pode ser contratado nas seguintes op\u00e7\u00f5es:<\/p>\n<p>1- Cobertura de Colis\u00e3o, Inc\u00eandio e Roubo\/Furto<br \/>\n2- Cobertura Inc\u00eandio e Roubo\/Furto.<\/p>\n<p>Junto com o seguro de autom\u00f3vel, voc\u00ea pode contratar adicionalmente as coberturas abaixo:<\/p>\n<p>1- Danos \u00e0 terceiros<br \/>\n2- Danos \u00e0 passageiros<br \/>\n3- Acess\u00f3rios<\/p>\n<p><strong>Coberturas Adicionais<\/strong><\/p>\n<p>&#8211; Cobertura de danos aos vidros, lanternas e far\u00f3is e retrovisores do ve\u00edculo<br \/>\nAcontecendo quebra ou trinca exclusivamente com os vidros ou retrovisores, lanternas e far\u00f3is do seu ve\u00edculo, voc\u00ea tem direito a troca ou reparo dos vidros do ve\u00edculo (p\u00e1ra-brisa, laterais e traseiro) e dos retrovisores externos (lente\/espelho e carca\u00e7a) e da lanterna e farol<\/p>\n<p>&#8211; Seguro da Franquia (contrata\u00e7\u00e3o opcional)<br \/>\nPagamento integral do valor do conserto do ve\u00edculo segurado se ocorrer um sinistro cujos preju\u00edzos ultrapassem o valor da franquia estipulado na ap\u00f3lice.<\/p>\n<p>Com voc\u00ea tem a cobertura para morte natural, morte acidental e invalidez permanente por acidente. Al\u00e9m disso, como benef\u00edcio extra, o valor pago pelo Seguro de Vida \u00e9 reduzido da franquia do primeiro sinistro da ap\u00f3lice.<\/p>\n<p>&#8211; Reembolso de Despesas Extraordin\u00e1rias (contrata\u00e7\u00e3o opcional)<br \/>\nGarante o reembolso de despesas que voc\u00ea possa vir a ter quando ficar sem o seu ve\u00edculo por indeniza\u00e7\u00e3o integral, at\u00e9 o limite m\u00e1ximo de indeniza\u00e7\u00e3o.<\/p>\n<p>&#8211; Carro Extra (contrata\u00e7\u00e3o opcional)<br \/>\nGarante a loca\u00e7\u00e3o de um ve\u00edculo popular b\u00e1sico de 1.000 cilindradas por at\u00e9 7, 15 ou 30 dias quando acontecer um sinistro com seu ve\u00edculo.<\/p>\n<p>&#8211; Servi\u00e7os Extra (contrata\u00e7\u00e3o opcional)<br \/>\nContratando esta cobertura voc\u00ea tem direito a guincho, assist\u00eancia mec\u00e2nica e el\u00e9trica, servi\u00e7o de chaveiro, troca de pneus e pane seca (falta de combust\u00edvel). Al\u00e9m destes servi\u00e7os h\u00e1 ainda:<\/p>\n<p>1- Remo\u00e7\u00e3o hospitalar ap\u00f3s acidente<br \/>\n2- Transporte e envio de familiar caso o segurado fique hospitalizado<br \/>\n3- Motorista profissional para levar o ve\u00edculo at\u00e9 a resid\u00eancia do segurado, se o motorista ficar hospitalizado em fun\u00e7\u00e3o de acidente<br \/>\n4- Traslado de corpos e formalidades legais*<br \/>\n5- Transporte para continua\u00e7\u00e3o da viagem ou retorno*<br \/>\n6 -Hospedagem caso o conserto do ve\u00edculo demore mais de um dia*<br \/>\n7- Transporte para recupera\u00e7\u00e3o do ve\u00edculo, ap\u00f3s seu conserto*.<\/p>\n<p>&#8211; Socorro (contrata\u00e7\u00e3o opcional):<br \/>\nContratando esta cobertura voc\u00ea tem direito a todos mais estes servi\u00e7os:<\/p>\n<p>8- Guincho sem limite de quilometragem<br \/>\n9- Carro Extra por at\u00e9 7 dias consecutivos em caso de pane<br \/>\n10 -T\u00e1xi para dentro ou fora do munic\u00edpio de sua resid\u00eancia sem limite de quilometragem.<\/p>\n<p>&#8211; Lucros Cessantes (contrata\u00e7\u00e3o opcional):<br \/>\nPara voc\u00ea que utiliza seu ve\u00edculo para o exerc\u00edcio do trabalho. Acontecendo um acidente em que seja necess\u00e1ria a paralisa\u00e7\u00e3o do ve\u00edculo, voc\u00ea poder\u00e1 receber as di\u00e1rias pelos dias em que n\u00e3o trabalhou (o valor de cada di\u00e1ria \u00e9 previamente contratado).<\/p>\n","protected":false},"excerpt":{"rendered":"<p>Seguro Auto Coberturas B\u00e1sicas Seu seguro de autom\u00f3vel pode ser contratado nas seguintes op\u00e7\u00f5es: 1- Cobertura de Colis\u00e3o, Inc\u00eandio e Roubo\/Furto 2- Cobertura Inc\u00eandio e Roubo\/Furto. Junto com o seguro de autom\u00f3vel, voc\u00ea pode contratar adicionalmente as coberturas abaixo: 1- Danos \u00e0 terceiros 2- Danos \u00e0 passageiros 3- Acess\u00f3rios Coberturas&hellip; <\/p>\n","protected":false},"author":1,"featured_media":0,"parent":0,"menu_order":0,"comment_status":"open","ping_status":"open","template":"","meta":[],"_links":{"self":[{"href":"http:\/\/hirotaseguros.com.br\/index.php\/wp-json\/wp\/v2\/pages\/153"}],"collection":[{"href":"http:\/\/hirotaseguros.com.br\/index.php\/wp-json\/wp\/v2\/pages"}],"about":[{"href":"http:\/\/hirotaseguros.com.br\/index.php\/wp-json\/wp\/v2\/types\/page"}],"author":[{"embeddable":true,"href":"http:\/\/hirotaseguros.com.br\/index.php\/wp-json\/wp\/v2\/users\/1"}],"replies":[{"embeddable":true,"href":"http:\/\/hirotaseguros.com.br\/index.php\/wp-json\/wp\/v2\/comments?post=153"}],"version-history":[{"count":1,"href":"http:\/\/hirotaseguros.com.br\/index.php\/wp-json\/wp\/v2\/pages\/153\/revisions"}],"predecessor-version":[{"id":154,"href":"http:\/\/hirotaseguros.com.br\/index.php\/wp-json\/wp\/v2\/pages\/153\/revisions\/154"}],"wp:attachment":[{"href":"http:\/\/hirotaseguros.com.br\/index.php\/wp-json\/wp\/v2\/media?parent=153"}],"curies":[{"name":"wp","href":"https:\/\/api.w.org\/{rel}","templated":true}]}}