{"id":145,"date":"2015-06-03T11:57:39","date_gmt":"2015-06-03T11:57:39","guid":{"rendered":"http:\/\/localhost\/wordpress3\/?page_id=145"},"modified":"2015-06-03T11:57:39","modified_gmt":"2015-06-03T11:57:39","slug":"transporte-monitorado","status":"publish","type":"page","link":"http:\/\/hirotaseguros.com.br\/index.php\/transporte-monitorado\/","title":{"rendered":"Transporte Monitorado"},"content":{"rendered":"<h1>Transporte Monitorado<\/h1>\n<p>Ele \u00e9 um servi\u00e7o de gerenciamento de riscos e monitoramento que envolve conhecimentos e tecnologia de ponta, para minimizar perdas causadas por acidentes e roubos, e dar \u00e0 sua mercadoria toda a prote\u00e7\u00e3o que ela precisa para chegar em seu destino sem problemas.<\/p>\n<p><strong>Diferenciais e vantagens do Seguro Transportes Monitorados<\/strong><\/p>\n<p>&#8211; Equipamentos e tecnologia de \u00faltima gera\u00e7\u00e3o para seguran\u00e7a no tr\u00e2nsito<\/p>\n<p>&#8211; Central 24 horas para rastreamento e monitoramento com atendimento personalizado<\/p>\n<p>&#8211; Excelente estrutura de pronta resposta em todo Brasil<\/p>\n<p>&#8211; Consultoria para elabora\u00e7\u00e3o de projetos espec\u00edficos para as necessidades do segurado<\/p>\n<p>&#8211; Treinamento com \u00eanfase na pr\u00e1tica do uso de rastreadores<\/p>\n<p>&#8211; Emiss\u00e3o de relat\u00f3rios para acompanhamento log\u00edstico.<\/p>\n<p><strong>Servi\u00e7os que v\u00e3o deixar sua carga ainda mais segura:<\/strong><\/p>\n<p>1. Rastreamento e Monitoramento &#8211; Sistemas eletr\u00f4nicos que permitem acompanhar os ve\u00edculos desde a origem at\u00e9 o seu destino, disparando a\u00e7\u00f5es previamente combinadas, sempre que houver ind\u00edcio de a\u00e7\u00f5es criminosas ou acidentes. V\u00e1rias ferramentas podem ser utilizadas pela central de monitoramento: cercas eletr\u00f4nicas que travam o ve\u00edculo fora o per\u00edmetro, utiliza\u00e7\u00e3o de senhas e emiss\u00e3o de relat\u00f3rios gerenciais. Tanto estas ferramentas quanto a \u00e1rea de cobertura e forma de transmiss\u00e3o (radiofreq\u00fc\u00eancia, telefonia celular, ou mesmo sat\u00e9lite) s\u00e3o contratadas de acordo com as suas necessidades.<\/p>\n<p>2. Escoltas &#8211; Realizadas por empresas autorizadas, as escoltas podem ser ostensivas ou ocultas, dependendo da estrat\u00e9gia de seguran\u00e7a e grau de risco existente.<\/p>\n<p>3. Apoio M\u00f3vel &#8211; S\u00e3o profissionais e ve\u00edculos para atendimento de pronta resposta em casos de acidentes e roubos. Al\u00e9m disso, sua empresa conta com uma estrutura para atender sinistros e para apoio em geral.<\/p>\n<p>4. Treinamento &#8211; Voltado a todos os envolvidos no transporte, para que conhe\u00e7am as normas.<\/p>\n","protected":false},"excerpt":{"rendered":"<p>Transporte Monitorado Ele \u00e9 um servi\u00e7o de gerenciamento de riscos e monitoramento que envolve conhecimentos e tecnologia de ponta, para minimizar perdas causadas por acidentes e roubos, e dar \u00e0 sua mercadoria toda a prote\u00e7\u00e3o que ela precisa para chegar em seu destino sem problemas. Diferenciais e vantagens do Seguro&hellip; <\/p>\n","protected":false},"author":1,"featured_media":0,"parent":0,"menu_order":0,"comment_status":"open","ping_status":"open","template":"","meta":[],"_links":{"self":[{"href":"http:\/\/hirotaseguros.com.br\/index.php\/wp-json\/wp\/v2\/pages\/145"}],"collection":[{"href":"http:\/\/hirotaseguros.com.br\/index.php\/wp-json\/wp\/v2\/pages"}],"about":[{"href":"http:\/\/hirotaseguros.com.br\/index.php\/wp-json\/wp\/v2\/types\/page"}],"author":[{"embeddable":true,"href":"http:\/\/hirotaseguros.com.br\/index.php\/wp-json\/wp\/v2\/users\/1"}],"replies":[{"embeddable":true,"href":"http:\/\/hirotaseguros.com.br\/index.php\/wp-json\/wp\/v2\/comments?post=145"}],"version-history":[{"count":1,"href":"http:\/\/hirotaseguros.com.br\/index.php\/wp-json\/wp\/v2\/pages\/145\/revisions"}],"predecessor-version":[{"id":146,"href":"http:\/\/hirotaseguros.com.br\/index.php\/wp-json\/wp\/v2\/pages\/145\/revisions\/146"}],"wp:attachment":[{"href":"http:\/\/hirotaseguros.com.br\/index.php\/wp-json\/wp\/v2\/media?parent=145"}],"curies":[{"name":"wp","href":"https:\/\/api.w.org\/{rel}","templated":true}]}}