{"id":114,"date":"2015-06-03T11:38:12","date_gmt":"2015-06-03T11:38:12","guid":{"rendered":"http:\/\/localhost\/wordpress3\/?page_id=114"},"modified":"2015-06-10T14:26:07","modified_gmt":"2015-06-10T14:26:07","slug":"seguro-agro-negocios","status":"publish","type":"page","link":"http:\/\/hirotaseguros.com.br\/index.php\/seguro-agro-negocios\/","title":{"rendered":"Seguro Agro-Neg\u00f3cios"},"content":{"rendered":"<h1>Seguro Agro-Neg\u00f3cios<\/h1>\n<p><a href=\"http:\/\/hirotaseguros.com.br\/site\/index.php\/animais-bovinos\/\">Animais Bovinos<\/a><br \/>\n<a href=\"http:\/\/hirotaseguros.com.br\/site\/index.php\/animais-equinos\/\">Animais Equinos<\/a><br \/>\n<a href=\"http:\/\/hirotaseguros.com.br\/site\/index.php\/seguro-benfeitoria-rural\/\">Seguro Benfeitoria Rural<\/a><br \/>\n<a href=\"http:\/\/hirotaseguros.com.br\/site\/index.php\/seguro-equipamento-agricola\/\">Seguro Equipamento Agr\u00edcola<\/a><br \/>\n<a href=\"http:\/\/hirotaseguros.com.br\/site\/index.php\/seguro-floresta\/\">Seguro Floresta<\/a><br \/>\n<a href=\"http:\/\/hirotaseguros.com.br\/site\/index.php\/seguro-plantacao\/\">Seguro Planta\u00e7\u00e3o<\/a><\/p>\n","protected":false},"excerpt":{"rendered":"<p>Seguro Agro-Neg\u00f3cios Animais Bovinos Animais Equinos Seguro Benfeitoria Rural Seguro Equipamento Agr\u00edcola Seguro Floresta Seguro Planta\u00e7\u00e3o<\/p>\n","protected":false},"author":1,"featured_media":0,"parent":0,"menu_order":0,"comment_status":"open","ping_status":"open","template":"","meta":[],"_links":{"self":[{"href":"http:\/\/hirotaseguros.com.br\/index.php\/wp-json\/wp\/v2\/pages\/114"}],"collection":[{"href":"http:\/\/hirotaseguros.com.br\/index.php\/wp-json\/wp\/v2\/pages"}],"about":[{"href":"http:\/\/hirotaseguros.com.br\/index.php\/wp-json\/wp\/v2\/types\/page"}],"author":[{"embeddable":true,"href":"http:\/\/hirotaseguros.com.br\/index.php\/wp-json\/wp\/v2\/users\/1"}],"replies":[{"embeddable":true,"href":"http:\/\/hirotaseguros.com.br\/index.php\/wp-json\/wp\/v2\/comments?post=114"}],"version-history":[{"count":8,"href":"http:\/\/hirotaseguros.com.br\/index.php\/wp-json\/wp\/v2\/pages\/114\/revisions"}],"predecessor-version":[{"id":174,"href":"http:\/\/hirotaseguros.com.br\/index.php\/wp-json\/wp\/v2\/pages\/114\/revisions\/174"}],"wp:attachment":[{"href":"http:\/\/hirotaseguros.com.br\/index.php\/wp-json\/wp\/v2\/media?parent=114"}],"curies":[{"name":"wp","href":"https:\/\/api.w.org\/{rel}","templated":true}]}}